{"id":57,"date":"2022-10-03T08:24:12","date_gmt":"2022-10-03T06:24:12","guid":{"rendered":"http:\/\/bip.muzeum.ostroleka.pl\/?page_id=57"},"modified":"2022-10-03T08:24:12","modified_gmt":"2022-10-03T06:24:12","slug":"struktura-wlasnosci","status":"publish","type":"page","link":"https:\/\/bip.muzeum.ostroleka.pl\/?page_id=57","title":{"rendered":"Struktura w\u0142asno\u015bci"},"content":{"rendered":"\n<ol class=\"wp-block-list\"><li>Prawo wieczystego u\u017cytkowania gruntu o pow. 712 m2 &#8211; dzia\u0142ka Nr 20756, po\u0142o\u017cona w Ostro\u0142\u0119ce, pl. gen. J. Bema 8. W\u0142a\u015bcicielem w\/w nieruchomo\u015bci jest Wojew\u00f3dztwo Mazowieckie.<\/li><li>Prawo w\u0142asno\u015bci trzech budynk\u00f3w stanowi\u0105cych zabudow\u0119 zwart\u0105, zamkni\u0119t\u0105, zlokalizowanych na w\/w dzia\u0142ce, gdzie mie\u015bci si\u0119 siedziba g\u0142\u00f3wna Muzeum Kultury Kurpiowskiej w Ostro\u0142\u0119ce.<\/li><\/ol>\n\n\n\n<ul class=\"wp-block-list\"><li>Budynek g\u0142\u00f3wny \u2013 dom staromiejski \u2013 wybudowany w 1825 r., wpisany jest do rejestru zabytk\u00f3w decyzj\u0105 Wojewody z dnia 04.04.1974 r., Nr rejestru 1047\/93. Mieszcz\u0105 si\u0119 tu sale ekspozycyjne oraz biblioteka.<\/li><li>Budynek biurowy wybudowany w 1988 r.<\/li><li>Budynek gospodarczy, z przeznaczeniem na magazyny zbior\u00f3w, wybudowany w 2006 r.<\/li><\/ul>\n\n\n\n<ol class=\"wp-block-list\"><li>Prawo w\u0142asno\u015bci gruntu o \u0142\u0105cznej powierzchni 1,60 ha \u2013 dzia\u0142ka Nr 1056\/8; 1066\/8; 1881 \u2013 po\u0142o\u017cone w Kadzidle, ul. Trasa Mazurska 2, gdzie znajduje si\u0119 Zagroda Kurpiowska \u2013 Oddzia\u0142 Muzeum Kultury Kurpiowskiej.<\/li><li>Prawo w\u0142asno\u015bci budynk\u00f3w znajduj\u0105cych si\u0119 na w\/w nieruchomo\u015bci gruntowej. Zabudow\u0119 stanowi\u0105 obiekty z ko\u0144ca XIX i pocz\u0105tk\u00f3w XX w. oraz powsta\u0142e wsp\u00f3\u0142cze\u015bnie jako rekonstrukcja zabytkowej architektury drewnianej tworz\u0105ce rodzaj skansenu.<\/li><\/ol>\n","protected":false},"excerpt":{"rendered":"<p>Prawo wieczystego u\u017cytkowania gruntu o pow. 712 m2 &#8211; dzia\u0142ka Nr 20756, po\u0142o\u017cona w Ostro\u0142\u0119ce, pl. gen. J. Bema 8. W\u0142a\u015bcicielem w\/w nieruchomo\u015bci jest Wojew\u00f3dztwo Mazowieckie. Prawo w\u0142asno\u015bci trzech budynk\u00f3w&hellip; <a class=\"continue\" href=\"https:\/\/bip.muzeum.ostroleka.pl\/?page_id=57\">Continue Reading<span> Struktura w\u0142asno\u015bci<\/span><\/a><\/p>\n","protected":false},"author":1,"featured_media":0,"parent":0,"menu_order":0,"comment_status":"closed","ping_status":"closed","template":"","meta":{"footnotes":""},"class_list":["post-57","page","type-page","status-publish","hentry"],"_links":{"self":[{"href":"https:\/\/bip.muzeum.ostroleka.pl\/index.php?rest_route=\/wp\/v2\/pages\/57","targetHints":{"allow":["GET"]}}],"collection":[{"href":"https:\/\/bip.muzeum.ostroleka.pl\/index.php?rest_route=\/wp\/v2\/pages"}],"about":[{"href":"https:\/\/bip.muzeum.ostroleka.pl\/index.php?rest_route=\/wp\/v2\/types\/page"}],"author":[{"embeddable":true,"href":"https:\/\/bip.muzeum.ostroleka.pl\/index.php?rest_route=\/wp\/v2\/users\/1"}],"replies":[{"embeddable":true,"href":"https:\/\/bip.muzeum.ostroleka.pl\/index.php?rest_route=%2Fwp%2Fv2%2Fcomments&post=57"}],"version-history":[{"count":1,"href":"https:\/\/bip.muzeum.ostroleka.pl\/index.php?rest_route=\/wp\/v2\/pages\/57\/revisions"}],"predecessor-version":[{"id":58,"href":"https:\/\/bip.muzeum.ostroleka.pl\/index.php?rest_route=\/wp\/v2\/pages\/57\/revisions\/58"}],"wp:attachment":[{"href":"https:\/\/bip.muzeum.ostroleka.pl\/index.php?rest_route=%2Fwp%2Fv2%2Fmedia&parent=57"}],"curies":[{"name":"wp","href":"https:\/\/api.w.org\/{rel}","templated":true}]}}